ppose 4*p + m = -1. Let b = -2 - p. Let d(g) = -g**3 - g - 9. Give d(b).
-9
Let m be 1/(-6) + (25/(-60))/(-1). Let g(b) be the third derivative of -b**2 + 0*b + 0*b**3 + m*b**4 + 0. Calculate g(-1).
-6
Let a = -167 - -173. Let z(n) = n**3 - 7*n**2 + 7*n + 2. What is z(a)?
8
Let q(p) = -4*p - 10. Let v(w) = 9*w + 21. Let i(j) = 7*q(j) + 3*v(j). What is i(-9)?
2
Let o(v) be the first derivative of v**7/840 + v**6/72 - 7*v**5/120 + v**4/8 - 2*v**3/3 - 4. Let a(k) be the third derivative of o(k). Give a(-6).
9
Let w(o) = 15*o - o**3 - 2 - 36*o + 17*o - 5*o**2. What is w(-4)?
-2
Let w be -4*(-4)/8 - 7. Let u(d) = d**3 + 4*d**2 - 7*d - 1. Calculate u(w).
9
Let n = 12 + -4. Suppose -2*a - 3*w + 12 = -a, 0 = -4*a - 2*w + n. Let d(i) be the third derivative of i**4/24 - i**3/3 + i**2. What is d(a)?
-2
Let l be 28/6 - (-8)/(-12). Let t(b) = b**3 - 5*b**2 + 5*b + 3. Calculate t(l).
7
Let r(u) = -5*u - 2. Let b = 89 - 86. Determine r(b).
-17
Suppose -3*f + 39 = -6*f. Let o = -14 - f. Let r(s) = 10*s**3 - s**2 - 2*s - 1. Give r(o).
-10
Let q(k) = 3*k + 13. Let l(i) = -i - 4. Let y(p) = -7*l(p) - 2*q(p). Suppose -c + 0 = o - 6, -3*o + 2*c - 2 = 0. Let j(s) = -s. Let x be j(o). Give y(x).
0
Suppose -4*t - 6 = 4*n - 30, 9 = 4*t - n. Let x(p) = p - p**2 + 3*p**3 + p**3 - 4*p**3 - t*p**3 + 1. What is x(-1)?
2
Let t(m) = m**2 + m. Let o = -11 + 9. Let n be t(o). Let k(j) = 3*j + 4 + n*j**2 - j + j**3 - 7*j**2. Calculate k(4).
-4
Let b(l) = -l**2 + 7*l - 6. Suppose 0 = c + 4*q - 20, 31 = c + c - q. Suppose 0 = g - 5*g + c. Determine b(g).
6
Let u(m) = -8*m**3 - m**2 + 1. Suppose -2 + 1 = -j. Give u(j).
-8
Suppose 5*l + 2*f = 8, 5*l = -6*f + 3*f + 12. Let w(z) = z**3 + 2*z**2 - 3*z. Let d be w(-3). Let y = d + l. Let g(a) = a**3 - a**2 + 8. Calculate g(y).
8
Let y(n) = -5*n**2 + 8*n - 1. Let k be y(2). Let i(g) = -3*g + 2*g + 2*g + 1. Give i(k).
-4
Let m(c) be the first derivative of c**4/24 - 13*c**3/6 - 3*c**2 + 9. Let j(i) be the second derivative of m(i). Calculate j(0).
-13
Let k(f) = f**3 + f**2 - 6*f + 3. Let b(x) = -x**2 + x + 1. Let o(i) = -3*b(i) - k(i). Determine o(4).
-26
Let c(b) = -b**2 - 4*b + 1. Let t(j) = j**2 - 7*j - 4. Let f be t(8). Suppose 4 = f*z + 8. Let m be (-27)/6 - z/2. Give c(m).
1
Suppose -25*z = -28*z + 9. Let r(o) be the third derivative of 0 + 0*o - 1/24*o**4 - 1/6*o**3 - o**2. Give r(z).
-4
Let n = 1 - -2. Suppose 3*b = 6*b - c - n, -5*b - c + 5 = 0. Let s(j) = -5*j + 1. Determine s(b).
-4
Let t(h) be the first derivative of h**6/180 - h**5/60 - h**4/24 + 5*h**3/3 - 3. Let a(i) be the third derivative of t(i). What is a(-1)?
3
Let y(h) be the second derivative of -2*h + 7/6*h**3 + 0 - 2/3*h**4 + h**2 + 1/20*h**5. Let v be y(7). Let b(i) = -i**2 + 3*i - 3. What is b(v)?
-1
Suppose 5*s = 30 - 0. Let d(q) = q**3 - 7*q**2 + 7*q - 6. What is d(s)?
0
Let g(d) = -2*d + 2. Suppose 4*w + 0 - 8 = 0. Suppose w*u = 6 - 2. What is g(u)?
-2
Let r(d) be the first derivative of 2*d - d**2 + 5*d**2 - d**2 + 4 - 4*d**2. Give r(5).
-8
Let u(v) = -v**2 - v - 1. Let y(c) = -7*c**2 - 3*c + 1. Let m(k) = -6*u(k) + y(k). Let s(q) = 7*q**2 + q. Let o be s(-1). Suppose -o = 5*h - 31. Calculate m(h).
-3
Let x(y) = -7*y**3 - y**2. Let r be -3 - -3 - (-33 - 0). Let p be -2 - (-1)/((-1)/r). Let b be p/(-30) + (-2)/12. Give x(b).
-8
Let a(n) = 6 - 3*n - 5*n - 3*n + 12*n. Give a(-3).
3
Let r(w) = -w - 8. Let b(s) be the second derivative of -s**3/3 - 9*s**2/2 + s. Suppose 5*m = -0*m + 20. Let l(q) = m*b(q) - 5*r(q). What is l(3)?
-5
Let t(k) = -k**2 + 4*k - 7. Let c be t(5). Let f = c - -6. Let u(x) = -x**3 - 7*x**2 - 8*x - 9. Give u(f).
3
Let v(n) = n**2 + 3*n - 7. Let j = 5 - 11. Give v(j).
11
Let c(x) = -x - 2 + 2*x**2 + 0 - 2*x**3 + 4*x**3 - x**3. Calculate c(-2).
0
Let x be -3*(8/3)/(-4). Let j(l) = -l**x + 4*l + 0 + 1 - l - 4. Determine j(4).
-7
Let r(x) = 4*x**2 + 9*x + 4. Let l(y) = -7*y**2 - 17*y - 7. Let m(o) = -3*l(o) - 5*r(o). Give m(-6).
1
Let y(o) = -2*o**2 - 17*o + 2. Let x be y(-9). Let z(p) = p + 4. What is z(x)?
-3
Let j(p) = -p**3 + 0 + p**3 - 4 - 2*p**2 - p**3. Determine j(-3).
5
Let m(o) = o**2 + 3*o - 4. Let a be m(-3). Let b = a + 2. Let s(g) = 2*g + g**2 + 2 + 2 - 3. What is s(b)?
1
Let x(u) = u**2 + 44*u - 2. Let i be x(-44). Let s = 2 + 0. Let d(b) = -4*b**s - b - b**3 + 4*b**2 - b**2. Calculate d(i).
6
Let h(c) be the second derivative of c**3/6 - 2*c. What is h(6)?
6
Let i(h) be the third derivative of h**7/840 + h**5/120 - h**4/24 - h**3/6 - 3*h**2. Let s(m) be the first derivative of i(m). Give s(1).
1
Let l(x) = x**2 - 53 + 24 + 21 - x - x**3. Let o(d) be the first derivative of -d**2/2 - 7*d + 2. Let a be o(-7). What is l(a)?
-8
Let c(k) = 5*k**2 + k + 8. Let g(t) = 9*t**2 + 3*t + 15. Let y(j) = 11*c(j) - 6*g(j). Determine y(6).
-8
Let s(x) = -6*x**3 - x**2 + 2*x - 1. Let y = -7 + 12. Suppose y = -5*q - 5*v, 4 + 2 = -3*v. What is s(q)?
-6
Let r(j) = 3*j**3 + 9*j**2 - j + 10. Suppose 0 = -4*q + 5*z + 21, -5*q + 2*q - 18 = 3*z. Let c(o) = o**3 + o**2 + 1. Let y(t) = q*r(t) + 4*c(t). What is y(5)?
-1
Let n(r) be the first derivative of -2*r**2 - 5*r - 56. Determine n(-4).
11
Let z(h) = -h**3 + 8*h**2 - h + 10. Let j be z(8). Let t(b) = -16*b + j + 18*b + 3 - 2*b**2 - 4. Determine t(2).
-3
Let o be (2 - (-1 + 2))*0. Let w(s) = -2*s**2 - 4*s - 7. Let c(l) = 5*l**2 + 9*l + 15. Let m(k) = -3*c(k) - 7*w(k). What is m(o)?
4
Let n(l) = -l**2 + l. Let m be (0/14)/(-3 - -1). Suppose m = -f - 0 + 1. What is n(f)?
0
Let o(f) = -f**3 - 3*f**2 - 2*f - 2. Suppose 4*j = -2 - 6. Determine o(j).
-2
Let i(n) = 3*n**2 - 7*n - 11. Let b(o) = o**2 - 2*o - 4. Let t(s) = 8*b(s) - 3*i(s). Determine t(5).
1
Let c(l) = 9*l - 6. Let g be c(5). Let m = g + -27. Let w be (-3)/m - 1/(-4). Let i(f) = f + 3. Determine i(w).
3
Let o(a) = -6*a. Suppose 0 = -2*c - 8 + 6. Calculate o(c).
6
Let d(x) = 8*x + 2*x - 6*x - 2. Let s = -3 - -5. What is d(s)?
6
Let k be 0/(1/2*2). Let j(z) be the first derivative of 1/2*z**2 - 1 + 9*z. Give j(k).
9
Let k be 11 + -3 + 1 + -1. Let b be 5*(-3)/(30/k). Let m = b + 1. Let l(r) = r**2 + 5*r - 2. What is l(m)?
-8
Let o(i) = i - 2*i + 2*i - 1. Let y(k) = k**3 - 5*k**2 + 10*k - 8. Let s be y(2). Determine o(s).
-1
Suppose 5*a = 4*q + 3 - 4, 0 = -5*a + 3*q + 3. Let h(n) = -6*n**a + 11*n**2 - 12*n**2 + 0 + 1 + 0. Give h(1).
-6
Let s(q) = -3*q**3 + 2*q**2 - 4*q + 3. Let o(z) = -2 + 1 - 1 + 0 + 2*z**3 + 3*z - z**2. Let a(w) = -4*o(w) - 3*s(w). What is a(2)?
-1
Let y(l) be the first derivative of -l**3/3 + 2*l**2 + 31. Give y(4).
0
Let k(n) = 10*n - 26. Let w(d) = 3*d - 9. Let s(b) = 2*k(b) - 7*w(b). Give s(5).
6
Let i(a) = a**3 + 4*a - 2. Let x(t) = -t**3 - t**2 - 4*t + 1. Let k(p) = -5*i(p) - 6*x(p). Suppose -3*w + 0*s - 4*s = 15, -10 = 2*w + s. Give k(w).
9
Let g(p) be the first derivative of -p**3/3 + 5*p**2/2 - 4*p - 24. Calculate g(5).
-4
Let v = 58 - 55. Let g(k) be the first derivative of 1/3*k**3 - 3/2*k**2 - 2 + k. Calculate g(v).
1
Suppose 2 = -5*v + 4*k - 0, -5 = 2*v - 3*k. Let o(m) be the second derivative of -1/12*m**4 + 5/6*m**3 + v*m + 0 + 3*m**2. Give o(5).
6
Let m(y) = -y**2 - 3*y + 4. Suppose 2*g - 5*g = 12. Determine m(g).
0
Let q be 0/((-4)/(-1) + -2). Suppose -2*f + 2*v + 10 = q, 5*f - 4 - 9 = v. Let m(r) = -4*r + 1. Determine m(f).
-7
Let v(i) = i**3 + 5*i**2 + 2*i - 4. Let j(b) = b**3 - 8*b**2 - b + 4. Let o be j(8). What is v(o)?
4
Let v(p) = p - 2. Suppose 0 = 3*q + 1 - 19. Let m(d) = -d + 3. Let g be m(q). Calculate v(g).
-5
Let a(q) = -6*q**3 + 6*q**2 - 5*q - 3. Let z(s) = 4*s**3 - 4*s**2 + 3*s + 2. Let y(g) = 5*a(g) + 8*z(g). Let o = 1 + 1. What is y(o)?
7
Let j(r) = -3*r - 15. Let x(n) = n + 5. Let v(w) = -6*j(w) - 17*x(w). Let h(f) = 8*f + 26. Let t be h(-4). What is v(t)?
-1
Let j be -1 - (-12)/(0 + 3). Let v(s) = 12*s + 0*s - 2*s + s**j + 8 + 7*s**2 - 2*s. Calculate v(-6).
-4
Let k(n) be the second derivative of n**3/6 - 3*n**2 - 18*n. Give k(9).
3
Suppose -s = -4*s + 3. Let c(a) = 9*a**3 - 2*a + 1. Determine c(s).
8
Let t(n) = n + 7. Let r(u) = 2*u - 2*u + 27 - 3*u + 7*u. Let d(y) = 2*r(y) - 9*t(y). Give d(0).
-9
Let a(b) be the third derivative of b**6/120 + b**5/15 - b**4/24 + b**2. Suppose -4*r + 4*s - 12 = r, -r = 3*s + 10. Give a(r).
4
Let i(v) be the third derivative of v**5/60 + 5*v**4/24 + 2*v**